d + 74, 2*c + 33 - 84 = d. Let b = d + 26. What is the remainder when 54 is divided by a(b)?
16
Let c(f) = -f**3 + 12*f**2 - f + 12. Let u be c(11). Suppose 4*h + u = 5*n - 3*n, 0 = -4*n + 5*h + 256. Calculate the remainder when n is divided by 18.
15
Let v = -602 + 972. What is the remainder when v is divided by 94?
88
Suppose 0 = 4*a + 3*t - 23, -3*t = -5*a - 11 + 33. What is the remainder when 28 is divided by a?
3
Calculate the remainder when (-1483)/(-11) - 35/(385/(-2)) is divided by 14.
9
Suppose 0*o + 5*o = 50. Suppose 4*f + 38 = -6. Let u = 5 - f. What is the remainder when u is divided by o?
6
Suppose -13*g + 4212 = 1326. Calculate the remainder when g is divided by 19.
13
Suppose 4*s - 8*s = 368. Let o = s + 153. What is the remainder when o is divided by 21?
19
Let m(r) = 5*r**2 + 24*r - 15. Calculate the remainder when 164 is divided by m(-6).
17
Calculate the remainder when (-18 + 455/26)*(-1 + -121) is divided by 38.
23
Let k be (28/(-12))/(((-8)/4)/(-6)). Let l = k + 10. Suppose 0 = 5*q - 5*a - 35, 5*q - a = 3*a + 35. Calculate the remainder when q is divided by l.
1
Suppose -4*g + 12 = a - 2, 5*a - 130 = -5*g. Suppose -4*t = -5 - 27. Calculate the remainder when a is divided by t.
6
Suppose -2*b + 38 = 12. Let q = 155 - 79. What is the remainder when q is divided by b?
11
Let l(r) = r**3 + 5*r**2 - 2*r - 2. What is the remainder when l(-3) is divided by ((-34)/4 - -6)*78/(-15)?
9
Let g = 123 + -66. Suppose n + 3*f = -f + 36, -g = -2*n - 3*f. What is the remainder when 71 is divided by n?
23
Let a be 3/3*(-10)/(-2). Calculate the remainder when 33 is divided by 75/(-10)*(-8)/a.
9
Let g = 28 + -12. Suppose 11*v = 7*v + g. Let l = 5 + v. Calculate the remainder when 34 is divided by l.
7
Suppose -1181 = -39*p + 36*p - k, 0 = -p + 4*k + 372. What is the remainder when p is divided by 9?
5
Suppose 0 = 8*k - 0*k. Suppose k = -3*c - c + 32. Calculate the remainder when 22 is divided by c.
6
Suppose 3*j = 18*j - 300. What is the remainder when 238 is divided by j?
18
What is the remainder when 175 is divided by (18/(-14))/(12/(-252))?
13
Let z = 186 + -131. Let t = -25 + z. Suppose 6*a = a + 80. Calculate the remainder when t is divided by a.
14
Let n(i) = 13*i + 33. What is the remainder when n(1) is divided by 9?
1
Let v(l) = l**3 + 14*l**2 + 34. Calculate the remainder when 440 is divided by v(-14).
32
Let p = -136 - -141. Suppose p*r = 15 + 10. What is the remainder when 42 is divided by r?
2
Let k = 15 + -6. Suppose 2*g - 8*q + 7*q = 67, -5*g = -2*q - 169. Calculate the remainder when g is divided by k.
8
What is the remainder when 2 + 29 + -4 + 1 + 1 is divided by ((-20)/12)/((-2)/6)?
4
Suppose 5*t - 146 = -5*a + 3*a, 2*a = 5*t - 134. Suppose -3*p = -259 + 13. Calculate the remainder when p is divided by t.
26
What is the remainder when 845 is divided by 2*(136/16 + 6/(-12))?
13
Suppose -29*f + 26088 = -5*f. What is the remainder when f is divided by 78?
73
Let o(l) = -2*l - 37. Let f be o(-17). Calculate the remainder when (-3 - (-134 - f))/2 is divided by 1*4*22/4.
20
Let j(s) = s**2 + 7*s + 6. Let a be j(-7). Let d(y) = 6*y - 4. Let u be d(a). Suppose -u = i - 3*i. What is the remainder when 30 is divided by i?
14
Suppose -165 = -39*c + 28*c. Calculate the remainder when 37 is divided by c.
7
Suppose 12*m = 14*m - 8. Suppose -5*c + g + g = -102, -75 = -m*c - 5*g. What is the remainder when 77 is divided by c?
17
Let x(b) = 6*b. Let t be ((-4)/6)/(2/(-12)). Let h be x(t). Let u = -13 + h. What is the remainder when 41 is divided by u?
8
Let n(s) = s. Let r = -26 + 27. Let a be n(r). What is the remainder when (1 + -2)/a + 83 is divided by 28?
26
Let g(u) = -5*u - 13. Let b be g(0). Let i(p) = -19 - 2*p + p + 0*p**2 - 2*p - p**3 - 13*p**2. Calculate the remainder when 58 is divided by i(b).
18
Let h be 5 + -1 + (-1 - -5). What is the remainder when 78 is divided by (h + -1)/((-2)/(-8))?
22
Let v(o) = 11*o - 14. Let k = -5 - -11. Let t be v(k). Suppose t = n + 9. What is the remainder when n is divided by 15?
13
Let m(v) = 2*v**2 + 5*v + 4. Let r be m(-3). Let c = 14 - r. Let j(i) = -i**2 + 7*i + 7. Calculate the remainder when j(c) is divided by 3.
1
Suppose -5*q - 13 = 2. Calculate the remainder when 45 is divided by 2/(-21)*q + (-332)/(-14).
21
Let a be 9/2 + 7/(-14). Suppose a = x - w, 8 = -2*x + x - 5*w. Suppose -3*k - x*v = -59, 0*v + 4*v - 4 = 0. Calculate the remainder when 36 is divided by k.
17
Let a = -95 + 91. Let x = 1 - a. Calculate the remainder when 17 is divided by x.
2
Let z be 17 + 1 + -9 + 6. Suppose r - s + 49 = 6*r, -2*r - 5*s = -z. What is the remainder when 37 is divided by r?
7
Let y = 23 + -11. Let s(o) = o + 16. Let h be s(y). Suppose -26*m + h*m = 42. Calculate the remainder when 38 is divided by m.
17
Let i(n) = 8*n**3. Let v be i(-1). Calculate the remainder when 116 is divided by (-3 - 0)/(1/v).
20
Let j(q) = 29 - 14 - 23 - 28*q. What is the remainder when 92 is divided by j(-2)?
44
Let u(w) = -w**2 - 4*w - 2. Let b be u(-2). Let d = 23 - 12. Suppose -b*k + t + 21 = 0, -3*k + 4*k = t + d. What is the remainder when 48 is divided by k?
8
Suppose 0 = -12*f + 2239 - 859. Let d(i) = 3*i + 5. What is the remainder when f is divided by d(8)?
28
Suppose 1 - 46 = -3*g. Let o(y) = -4*y + 2*y + 4 - 10. What is the remainder when g is divided by o(-5)?
3
Suppose 88 = 24*c - 20*c. Suppose h - c = -3*a, 0 = 3*a + 5*h + 3 - 5. What is the remainder when 6/(-5)*40/(-3) is divided by a?
7
Suppose 145 = -159*z + 164*z. What is the remainder when z is divided by 8?
5
Let w = 1460 + -1444. Calculate the remainder when 424 is divided by w.
8
Suppose 3*a - 134 = 133. What is the remainder when a is divided by (-37 + 38)/(3/45)?
14
Suppose 190*o + 618 = 196*o. Calculate the remainder when o is divided by 23.
11
Suppose g - q - 1 = 0, 1 = -2*g + 5*q - 6. Suppose 0 = 3*r - g*r + 11. What is the remainder when 31 is divided by r?
9
Let g(b) = 49*b + 75. Calculate the remainder when g(1) is divided by 121.
3
Let s = 35 - 32. Let n = s - -1. Calculate the remainder when 16 is divided by n.
0
Suppose -13*n = -11*n. Let l(r) = r**3 + 9. Calculate the remainder when 25 is divided by l(n).
7
Suppose 0*x - 5*x = -95. Suppose 2*m = 0, 3*p = 4*m + 5098 - 1528. Calculate the remainder when x is divided by (-2)/(-11) + p/110.
8
Let k(j) = -10*j**3 - j**2. Let w be k(-1). Let b = 4 + w. Calculate the remainder when 21 is divided by b*3/3 - 1.
9
Let i(v) = 4*v + 9. Let m be i(-3). What is the remainder when 82 is divided by 3 + 1 + m + (-8 - -24)?
14
Suppose -n + 5*h = n - 48, 5*n - 5*h - 120 = 0. Let k = 6 - 3. Suppose -k*q = 15 - 42. Calculate the remainder when n is divided by q.
6
Let a(x) = -x - 1. Let w(p) = p. Let v(c) = -a(c) - 2*w(c). Let l be v(3). What is the remainder when 28 is divided by (18/(-27))/(l/30)?
8
Let n = -562 + 591. What is the remainder when 344 is divided by n?
25
Suppose -t - p = -11, -2*t + p + 7 = -t. Suppose -2*x + t = 1. Calculate the remainder when x is divided by 3.
1
Let u(h) = h**3 + 2*h**2 - h - 5. Calculate the remainder when u(3) is divided by 26.
11
Suppose 65 = -t + 2*x, -t + x = -5*t - 242. Let l = t - -113. Suppose -316 = -11*g - 217. Calculate the remainder when l is divided by g.
7
Suppose g + 2*y - 8 = y, -4*g - 2*y + 22 = 0. Suppose t = 1 - g, -10 = -3*c - t. Suppose c + 1 = b. Calculate the remainder when 14 is divided by b.
4
Suppose 4*h - 27 = -p, -36 = -5*h - 2*p - 0. Calculate the remainder when h*-3*12/(-9) is divided by (210/(-36) - (-2)/(-3))*-2.
11
Suppose -27*g + 323 = -8*g. Calculate the remainder when 33 is divided by g.
16
Let o = 11 - -71. Let a = 125 - o. What is the remainder when a is divided by 15?
13
What is the remainder when (19 - 22)/((-6)/478) is divided by 84?
71
Let g(d) = -d**3 - d**2 + 4*d + 3. Let t be g(-2). Let f be (t/(-3))/((-1)/(-153)). Let s = f - 7. What is the remainder when s is divided by 23?
21
Let a be (-32)/12*6/(-4). Suppose 3*x - 11 - 1 = 0, -a*x - 104 = 5*j. What is the remainder when 24 is divided by (63/12)/((-9)/j)?
10
Let l = -2355 + 2380. What is the remainder when l is divided by 10?
5
Suppose 2*c + 2*y - 272 = 5*y, 4*y + 409 = 3*c. What is the remainder when c is divided by 14?
13
Let m(i) = i**3 + 15*i**2 - i - 11. Let f be m(-15). 